{"id":21,"date":"2021-07-15T13:45:02","date_gmt":"2021-07-15T11:45:02","guid":{"rendered":"https:\/\/mechgaz.opti-net.pl\/?page_id=21"},"modified":"2021-07-19T14:41:21","modified_gmt":"2021-07-19T12:41:21","slug":"raty","status":"publish","type":"page","link":"http:\/\/mechgaz.pl\/index.php\/raty\/","title":{"rendered":"Raty"},"content":{"rendered":"<div id=\"pl-21\"  class=\"panel-layout\" ><div id=\"pg-21-0\"  class=\"panel-grid panel-no-style\" ><div id=\"pgc-21-0-0\"  class=\"panel-grid-cell\" ><div id=\"panel-21-0-0-0\" class=\"so-panel widget widget_sow-editor panel-first-child panel-last-child\" data-index=\"0\" ><div\n\t\t\t\n\t\t\tclass=\"so-widget-sow-editor so-widget-sow-editor-base\"\n\t\t\t\n\t\t>\n<div class=\"siteorigin-widget-tinymce textwidget\">\n\t<p><img loading=\"lazy\" decoding=\"async\" class=\"size-full wp-image-170 alignleft\" src=\"http:\/\/mechgaz.pl\/wp-content\/uploads\/2021\/07\/credit_agricole_logo2011.png.png\" alt=\"\" width=\"150\" height=\"110\" \/>Pomoc\u0105 w podj\u0119ciu decyzji w sprawie monta\u017cu instalacji LPG do samochodu mo\u017ce by\u0107 oferowany w naszej firmie system ratalny. Elastyczny harmonogram sp\u0142aty rat, niskie oprocentowanie, minimum formalno\u015bci potrzebnych do uzyskania kredytu,mo\u017cliwo\u015b\u0107 za\u0142atwienia wszystkich formalno\u015bci w siedzibie naszej firmy oraz szybka decyzja o przyznaniu kredytu sprawi\u0105, \u017ce bez ponoszenia znacznych koszt\u00f3w natychmiast zaczn\u0105 Pa\u0144stwo oszcz\u0119dza\u0107, a monta\u017c instalacji LPG stanie si\u0119 niemal nie odczuwalny dla Pa\u0144stwa portfela!<br \/>\nWsp\u00f3\u0142pracujemy z firm\u0105 Cr\u00e9dit Agricole.<\/p>\n<\/div>\n<\/div><\/div><\/div><\/div><\/div>","protected":false},"excerpt":{"rendered":"<p>Pomoc\u0105 w podj\u0119ciu decyzji w sprawie monta\u017cu instalacji LPG do samochodu mo\u017ce by\u0107 oferowany w naszej firmie system ratalny. Elastyczny harmonogram sp\u0142aty rat, niskie oprocentowanie, minimum formalno\u015bci potrzebnych do uzyskania kredytu,mo\u017cliwo\u015b\u0107 za\u0142atwienia wszystkich formalno\u015bci w siedzibie naszej firmy oraz szybka decyzja o przyznaniu kredytu sprawi\u0105, \u017ce bez ponoszenia znacznych koszt\u00f3w natychmiast zaczn\u0105 Pa\u0144stwo oszcz\u0119dza\u0107, a [&hellip;]<\/p>\n<div class=\"pvc_clear\"><\/div>\n<p id=\"pvc_stats_21\" class=\"pvc_stats all  \" data-element-id=\"21\" style=\"\"><i class=\"pvc-stats-icon medium\" aria-hidden=\"true\"><svg aria-hidden=\"true\" focusable=\"false\" data-prefix=\"far\" data-icon=\"chart-bar\" role=\"img\" xmlns=\"http:\/\/www.w3.org\/2000\/svg\" viewBox=\"0 0 512 512\" class=\"svg-inline--fa fa-chart-bar fa-w-16 fa-2x\"><path fill=\"currentColor\" d=\"M396.8 352h22.4c6.4 0 12.8-6.4 12.8-12.8V108.8c0-6.4-6.4-12.8-12.8-12.8h-22.4c-6.4 0-12.8 6.4-12.8 12.8v230.4c0 6.4 6.4 12.8 12.8 12.8zm-192 0h22.4c6.4 0 12.8-6.4 12.8-12.8V140.8c0-6.4-6.4-12.8-12.8-12.8h-22.4c-6.4 0-12.8 6.4-12.8 12.8v198.4c0 6.4 6.4 12.8 12.8 12.8zm96 0h22.4c6.4 0 12.8-6.4 12.8-12.8V204.8c0-6.4-6.4-12.8-12.8-12.8h-22.4c-6.4 0-12.8 6.4-12.8 12.8v134.4c0 6.4 6.4 12.8 12.8 12.8zM496 400H48V80c0-8.84-7.16-16-16-16H16C7.16 64 0 71.16 0 80v336c0 17.67 14.33 32 32 32h464c8.84 0 16-7.16 16-16v-16c0-8.84-7.16-16-16-16zm-387.2-48h22.4c6.4 0 12.8-6.4 12.8-12.8v-70.4c0-6.4-6.4-12.8-12.8-12.8h-22.4c-6.4 0-12.8 6.4-12.8 12.8v70.4c0 6.4 6.4 12.8 12.8 12.8z\" class=\"\"><\/path><\/svg><\/i> <img loading=\"lazy\" decoding=\"async\" width=\"16\" height=\"16\" alt=\"Loading\" src=\"http:\/\/mechgaz.pl\/wp-content\/plugins\/page-views-count\/ajax-loader-2x.gif\" border=0 \/><\/p>\n<div class=\"pvc_clear\"><\/div>\n","protected":false},"author":1,"featured_media":0,"parent":0,"menu_order":0,"comment_status":"closed","ping_status":"closed","template":"","meta":{"footnotes":""},"class_list":["post-21","page","type-page","status-publish","hentry","post"],"_links":{"self":[{"href":"http:\/\/mechgaz.pl\/index.php\/wp-json\/wp\/v2\/pages\/21","targetHints":{"allow":["GET"]}}],"collection":[{"href":"http:\/\/mechgaz.pl\/index.php\/wp-json\/wp\/v2\/pages"}],"about":[{"href":"http:\/\/mechgaz.pl\/index.php\/wp-json\/wp\/v2\/types\/page"}],"author":[{"embeddable":true,"href":"http:\/\/mechgaz.pl\/index.php\/wp-json\/wp\/v2\/users\/1"}],"replies":[{"embeddable":true,"href":"http:\/\/mechgaz.pl\/index.php\/wp-json\/wp\/v2\/comments?post=21"}],"version-history":[{"count":2,"href":"http:\/\/mechgaz.pl\/index.php\/wp-json\/wp\/v2\/pages\/21\/revisions"}],"predecessor-version":[{"id":171,"href":"http:\/\/mechgaz.pl\/index.php\/wp-json\/wp\/v2\/pages\/21\/revisions\/171"}],"wp:attachment":[{"href":"http:\/\/mechgaz.pl\/index.php\/wp-json\/wp\/v2\/media?parent=21"}],"curies":[{"name":"wp","href":"https:\/\/api.w.org\/{rel}","templated":true}]}}